{"id":168,"date":"2026-03-31T09:13:59","date_gmt":"2026-03-31T09:13:59","guid":{"rendered":"https:\/\/houseofsimone.fi\/?page_id=168"},"modified":"2026-04-15T09:58:36","modified_gmt":"2026-04-15T09:58:36","slug":"refund_returns","status":"publish","type":"page","link":"https:\/\/houseofsimone.fi\/index.php\/refund_returns\/","title":{"rendered":"Toimitusehdot"},"content":{"rendered":"\t\t<div data-elementor-type=\"wp-page\" data-elementor-id=\"168\" class=\"elementor elementor-168\">\n\t\t\t\t\t\t<section class=\"elementor-section elementor-top-section elementor-element elementor-element-616ad875 elementor-section-boxed elementor-section-height-default elementor-section-height-default\" data-id=\"616ad875\" data-element_type=\"section\" data-e-type=\"section\">\n\t\t\t\t\t\t<div class=\"elementor-container elementor-column-gap-default\">\n\t\t\t\t\t<div class=\"elementor-column elementor-col-100 elementor-top-column elementor-element elementor-element-7e5a9600\" data-id=\"7e5a9600\" data-element_type=\"column\" data-e-type=\"column\">\n\t\t\t<div class=\"elementor-widget-wrap elementor-element-populated\">\n\t\t\t\t\t\t<div class=\"elementor-element elementor-element-5afffac4 elementor-widget elementor-widget-text-editor\" data-id=\"5afffac4\" data-element_type=\"widget\" data-e-type=\"widget\" data-widget_type=\"text-editor.default\">\n\t\t\t\t<div class=\"elementor-widget-container\">\n\t\t\t\t\t\t\t\t\t<h4><strong>Tuotteet ja tuotehinnat<\/strong><\/h4>\n<p>Tuotteiden hinnat on esitetty tuote-esittelyjen yhteydess\u00e4. Tuotteisiimme sis\u00e4ltyy arvonlis\u00e4veroa. Veroerittely n\u00e4kyy ostoskorissa ja tilausvahvistuksessa.<\/p>\n<h5 class=\"wp-block-heading\"><strong>Maksupalvelutarjoaja<\/strong><\/h5>\n<p>Maksunv\u00e4lityspalvelun toteuttajana ja maksupalveluntarjoajana toimii Paytrail Oyj (2122839-7) yhteisty\u00f6ss\u00e4 suomalaisten pankkien ja luottolaitosten kanssa. Paytrail Oyj n\u00e4kyy maksun saajana tiliotteella tai korttilaskulla ja v\u00e4litt\u00e4\u00e4 maksun kauppiaalle. Paytrail Oyj:ll\u00e4 on maksulaitoksen toimilupa. Reklamaatiotapauksissa pyyd\u00e4mme ottamaan ensisijaisesti yhteytt\u00e4 tuotteen toimittajaan.<\/p>\n<p>Paytrail Oyj, y-tunnus: 2122839-7<br>Innova 2<br>Lutakonaukio 7<br>40100 Jyv\u00e4skyl\u00e4<br><a href=\"https:\/\/www.paytrail.com\/\" target=\"_blank\" rel=\"noreferrer noopener\">www.paytrail.com&nbsp;<\/a><\/p>\n<h4><strong>Maksutavat<\/strong><\/h4>\n<p>Mik\u00e4li valitsit toimitustavaksi \u201dNouto myym\u00e4l\u00e4st\u00e4\u201d ja tuotteet on jo maksettu verkkopankissa tai luottokortilla, tuotteet voi noutaa veloituksetta K\u00e4sity\u00f6kortteli \u2013 Kehr\u00e4saaren kaupalta. Saat erillisen ilmoituksen kun tilauksesi on k\u00e4sitelty ja valmiina noudettavaksi.<\/p>\n<h4 class=\"wp-block-heading\">Pankkimaksut<\/h4>\n<p>K\u00e4yt\u00f6ss\u00e4si on kaikkien suomalaisten pankkien maksupainikkeet. Voit maksaa Aktian, Danske Bankin, Handelsbankenin, Nordean, Oma S\u00e4\u00e4st\u00f6pankin, Osuuspankin, POP-pankin, S\u00e4\u00e4st\u00f6pankin, S-pankin ja \u00c5landsbankenin maksupainikkeilla. Verkkokaupasta sinut ohjataan suoraan omaan pankkiisi suorittamaan maksu turvallisesti.<\/p>\n<h4 class=\"wp-block-heading\">Luottokorttimaksut<\/h4>\n<p>Voit maksaa verkkokaupassa Visa-, Visa Debit-, Visa Electron-, MasterCard-, Debit MasterCard \u2013 ja American Express -korteilla. Verkkokaupassa ovat k\u00e4yt\u00f6ss\u00e4 kansainv\u00e4liset Verified by Visa -, MasterCard SecureCode \u2013 ja American Express SafeKey -todentamispalvelut.<\/p>\n<p>Korttimaksaminen tapahtuu turvallisesti suojatulla maksulomakkeella eik\u00e4 maksukortin tietoja tallenneta verkkokaupan j\u00e4rjestelmiin.<\/p>\n<h4 class=\"wp-block-heading\">Mobiilimaksutavat<\/h4>\n<p>Mobiilimaksutavat Pivo, MobilePay, Masterpass ja Siirto ovat sovelluksessa toimivia palveluita, joilla voi maksaa verkko-ostoksia tilisiirtona tililt\u00e4\u00e4n tai korttimaksuna kortiltaan hyv\u00e4ksym\u00e4ll\u00e4 maksun kyseisess\u00e4 sovelluksessa. Pivolla onnistuvat lis\u00e4ksi Siirto-maksut, jolloin maksun voi hyv\u00e4ksy\u00e4 miss\u00e4 tahansa Siirtoa tukevassa sovelluksessa.<\/p>\n<h4 class=\"wp-block-heading\">Pivo<\/h4>\n<p>K\u00e4ytt\u00f6ehdot ovat tarjolla Pivon sivuilla:&nbsp;<a href=\"https:\/\/pivo.fi\/kayttoehdot\/pivon-kayttoehdot\">pivo.fi\/kayttoehdot\/pivon-kayttoehdot<\/a><\/p>\n<h4 class=\"wp-block-heading\">MobilePay<\/h4>\n<p>Maksuehdot ovat tarjolla MobilePayn sivuilla:&nbsp;<a href=\"https:\/\/mobilepay.fi\/asiakastuki\/ehdot\">mobilepay.fi\/asiakastuki\/ehdot<\/a><\/p>\n<h4 class=\"wp-block-heading\">Masterpass<\/h4>\n<p>Maksuehdot ovat tarjolla Masterpassin sivuilla:&nbsp;<a href=\"https:\/\/masterpass.com\/assets\/pdf\/masterpassoperatingrules.pdf\">masterpass.com\/assets\/pdf\/masterpassoperatingrules.pdf<\/a><\/p>\n<h4 class=\"wp-block-heading\">Siirto<\/h4>\n<p>Siirto-maksuihin sovellettavat ehdot:<br><a href=\"https:\/\/uusi.op.fi\/tac?did=Hemak0000002717&amp;cs=7f653641d3fb31069e9e2eb71e9f141460575b214e26ed07a802a3c54e87b77a\">OP:n yleiset euromaksuehdot<\/a><br><a href=\"https:\/\/www.nordea.fi\/Images\/146-173247\/siirto-ehdot-fi.pdf\">Siirto-palvelun k\u00e4ytt\u00f6ehdot Nordealla<\/a><br><a href=\"https:\/\/dokumentit.s-pankki.fi\/tiedostot\/siirto-ehdot-fi\">Siirto-palvelun k\u00e4ytt\u00f6ehdot S-Pankissa<\/a><\/p>\n<h4><strong>Toimitukset ja toimituskulut<\/strong> (p\u00e4ivitetty 3.4.2025)<\/h4>\n<p>Tilaukset k\u00e4sitell\u00e4\u00e4n ja pakataan toimitukseen 1-4 arkip\u00e4iv\u00e4ss\u00e4. Pyrimme poistamaan v\u00e4liaikaisesti loppuneet tuotteet verkkokaupasta, mutta jos jokin tilaamasi tuote on loppu, ilmoitamme t\u00e4st\u00e4 v\u00e4litt\u00f6m\u00e4sti. L\u00e4het\u00e4mme halutessasi koko tilauksen heti puuttuvan tuotteen saatuamme. Tilaukset pyrit\u00e4\u00e4n toimittamaan t\u00e4ydellisin\u00e4. Mik\u00e4li jokin tuote on pitempiaikaisesti loppu emmek\u00e4 pysty saamaan sit\u00e4 kohtuuajan kuluessa lis\u00e4\u00e4, tilaus voidaan toimittaa osissa. Joissain tuotteissa (tilauksesta valmistettavat) saattaa olla poikkeuksellisesti pidempi toimitusaika. T\u00e4llaisessa tapauksessa poikkeuksellinen toimitusaika on n\u00e4ht\u00e4viss\u00e4 tuotteen kuvauksen yhteydess\u00e4.<\/p>\n<p>Ostoskori laskee automaattisesti toimituskulut, jolloin voit tarkastella toimituskuluja ennen tilausta. Toimituskulut Pikkupaketti jaettuna postilaatikkoosi 6,90 \u20ac. Postipaketti 6,90 \u20ac ja Matkahuollon XXS-paketti 6,90 \u20ac. Ovelle\/postilaatikkoon jaettavaa pikkupakettia jaettaessa kuljettaja ilmoittaa l\u00e4hetyksen vaiheista tekstiviestitse. Pakettitoimitusta on mahdollisuus seurata Postin seurantakoodilla heti paketin kirjauduttua seurantaan. Paketin noutopisteen p\u00e4\u00e4see valitsemaan ostoskorissa. Varmistathan, ett\u00e4 valitsemasi noutopiste on oikea ja paikkaan on vapaa p\u00e4\u00e4sy (ei esimerkiksi yksityiset kerrostalorappujen noutopisteet). Verkkokauppiaasta johtumattomista syist\u00e4 paketti saattaa ohjautua eri toimipisteeseen, kuin valitsemasi toimipiste. Verkkokauppias ei vastaa paketin uudelleenohjaamisesta aiheutuvista kuluista, mik\u00e4li verkkokauppias on l\u00e4hett\u00e4nyt paketin asiakkaan antamien tietojen ja valitseman noutopisteen perusteella.&nbsp;<\/p>\n<h4><strong>Toimitukset Suomen ulkopuolelle<\/strong><\/h4>\n<p><span style=\"font-family: var( --e-global-typography-text-font-family ), Sans-serif;\">T\u00e4ll\u00e4 hetkell\u00e4 emme toimita tuotteita Suomen ulkopuolelle.<\/span><\/p>\n<h4>Peruutusoikeus ja tuotteen palautus<\/h4>\n<p>Tilaajalla on oikeus s\u00e4hk\u00f6postitse, kirjeitse tai puhelimitse peruuttaa koko tilaus tai osa tilauksesta 14 vuorokauden kuluessa tilauksen vastaanottamisesta. (liittym\u00e4operaattorisi veloittaa puhelusta liittym\u00e4sopimuksesi mukaisen hinnan).<\/p>\n<p>Jos et ole jostain syyst\u00e4 tyytyv\u00e4inen vastaanottamiisi tuotteisiin, ota meihin yhteytt\u00e4 14 vuorokauden kuluessa tuotteiden vastaanottamisesta. Saat toimintaohjeet tuotteen palauttamiseen.<\/p>\n<p>Jos toimitettu tuote on v\u00e4\u00e4r\u00e4 tai virheellinen, asiakkaalle hyvitet\u00e4\u00e4n palautuskulut edullisimman l\u00e4hetystavan mukaan ja House of Simone vastaa korvaavan tuotteen toimituskuluista. P\u00e4\u00e4s\u00e4\u00e4nt\u00f6isesti palautusten tai tuotevaihdon toimituskuluista vastaa asiakas. Mik\u00e4li tuotetta on k\u00e4ytetty, kauppahintaa ja palatettavaa summaa alennetaan arvonalennuksen verran. Kaikista palautuksista on aina sovittava kauppiaan kanssa etuk\u00e4teen. Viallinen tuote vaihdetaan ainoastaan samaan uuteen nimikkeeseen. Kauppias ei korvaa viallisen tuotteen palautuksesta aiheutuneita kuluja, ellei palautuksesta ole ensin sovittu kauppiaan kanssa. Kauppias ei lunasta postiennakolla l\u00e4hetettyj\u00e4 palautuksia. Lunastamaton paketti ei ole palautus, eik\u00e4 noutamatta j\u00e4tt\u00e4minen korvaa peruuttamisilmoitusta. Vaihto- ja palautusoikeus ei koske erikseen asiakkaan tilauksesta valmistettuja mittatilaustuotteita.<\/p>\n<h4><strong>Maksunpalautukset<\/strong><\/h4>\n<p>Maksu palautetaan Suomen kuluttajasuojalain mukaisesti 14 p\u00e4iv\u00e4n kuluessa peruuttamisilmoituksen saavuttua, edellytt\u00e4en kuitenkin, ett\u00e4 tuote on saapunut myyj\u00e4lle myyj\u00e4n ohjeiden mukaisesti. Maksu palautetaan samalle maksutavalle, mill\u00e4 maksu on alunperin suoritettu.<\/p>\n<h4><strong>Tuotevirheen korjaaminen<\/strong><\/h4>\n<p>Valitettavasti posti huolellisesta pakkaamisesta huolimatta ei aina onnistu kuljettamaan paketteja ehj\u00e4n\u00e4 perille. T\u00e4m\u00e4n takia on hyv\u00e4 jo l\u00e4hetyst\u00e4 noudettaessa tarkistaa paketin kunto ja mahdolliset vauriot paketissa.<br>Mik\u00e4li l\u00e4hetys on vaurioitunut postin kuljetuksessa, tee HETI vahinkoilmoitus postikonttoriisi. Ota my\u00f6s yhteys kauppiaaseen, niin sovimme uuden tuotteen toimituksesta.<\/p>\n<p>Jos kauppasopimusta koskevaa erimielisyytt\u00e4 ei saada ratkaistuksi osapuolten v\u00e4lisill\u00e4 neuvotteluilla, kuluttaja voi saattaa asian kuluttajariitalautakunnan (www.kuluttajariita.fi) ratkaistavaksi. Ennen asian viemist\u00e4 kuluttajariitalautakunnan k\u00e4sittelyyn kuluttajan tulee olla yhteydess\u00e4 maistraattien kuluttajaneuvontaan (www.kuluttajaneuvonta.fi).<\/p>\n<h4><strong>Yhteystiedot<\/strong><\/h4>\n<p>Kaikissa tilauksiin liittyviss\u00e4 asioissa tavoitat meid\u00e4t seuraavasti:<\/p>\n<ul class=\"wp-block-list\">\n<li>S\u00e4hk\u00f6postilla osoitteesta info@houseofsimone.fi<\/li>\n<li>Puhelimella 0400 622 263<\/li>\n<\/ul>\t\t\t\t\t\t\t\t<\/div>\n\t\t\t\t<\/div>\n\t\t\t\t\t<\/div>\n\t\t<\/div>\n\t\t\t\t\t<\/div>\n\t\t<\/section>\n\t\t\t\t<\/div>\n\t\t","protected":false},"excerpt":{"rendered":"<p>Tuotteet ja tuotehinnat Tuotteiden hinnat on esitetty tuote-esittelyjen yhteydess\u00e4. Tuotteisiimme sis\u00e4ltyy arvonlis\u00e4veroa. Veroerittely n\u00e4kyy ostoskorissa ja tilausvahvistuksessa. Maksupalvelutarjoaja Maksunv\u00e4lityspalvelun toteuttajana ja maksupalveluntarjoajana toimii Paytrail Oyj (2122839-7) yhteisty\u00f6ss\u00e4 suomalaisten pankkien ja luottolaitosten kanssa. Paytrail Oyj n\u00e4kyy maksun saajana tiliotteella tai korttilaskulla ja v\u00e4litt\u00e4\u00e4 maksun kauppiaalle. Paytrail Oyj:ll\u00e4 on maksulaitoksen toimilupa. Reklamaatiotapauksissa pyyd\u00e4mme ottamaan ensisijaisesti yhteytt\u00e4 tuotteen&#8230;<\/p>\n","protected":false},"author":1,"featured_media":0,"parent":0,"menu_order":0,"comment_status":"closed","ping_status":"closed","template":"","meta":{"_kad_post_transparent":"","_kad_post_title":"","_kad_post_layout":"","_kad_post_sidebar_id":"","_kad_post_content_style":"","_kad_post_vertical_padding":"","_kad_post_feature":"","_kad_post_feature_position":"","_kad_post_header":false,"_kad_post_footer":false,"_kad_post_classname":"","footnotes":""},"class_list":["post-168","page","type-page","status-publish","hentry"],"yoast_head":"<!-- This site is optimized with the Yoast SEO plugin v27.3 - https:\/\/yoast.com\/product\/yoast-seo-wordpress\/ -->\n<title>Toimitusehdot - House of Simone<\/title>\n<meta name=\"robots\" content=\"index, follow, max-snippet:-1, max-image-preview:large, max-video-preview:-1\" \/>\n<link rel=\"canonical\" href=\"https:\/\/houseofsimone.fi\/index.php\/refund_returns\/\" \/>\n<meta property=\"og:locale\" content=\"fi_FI\" \/>\n<meta property=\"og:type\" content=\"article\" \/>\n<meta property=\"og:title\" content=\"Toimitusehdot - House of Simone\" \/>\n<meta property=\"og:description\" content=\"Tuotteet ja tuotehinnat Tuotteiden hinnat on esitetty tuote-esittelyjen yhteydess\u00e4. Tuotteisiimme sis\u00e4ltyy arvonlis\u00e4veroa. Veroerittely n\u00e4kyy ostoskorissa ja tilausvahvistuksessa. Maksupalvelutarjoaja Maksunv\u00e4lityspalvelun toteuttajana ja maksupalveluntarjoajana toimii Paytrail Oyj (2122839-7) yhteisty\u00f6ss\u00e4 suomalaisten pankkien ja luottolaitosten kanssa. Paytrail Oyj n\u00e4kyy maksun saajana tiliotteella tai korttilaskulla ja v\u00e4litt\u00e4\u00e4 maksun kauppiaalle. Paytrail Oyj:ll\u00e4 on maksulaitoksen toimilupa. Reklamaatiotapauksissa pyyd\u00e4mme ottamaan ensisijaisesti yhteytt\u00e4 tuotteen...\" \/>\n<meta property=\"og:url\" content=\"https:\/\/houseofsimone.fi\/index.php\/refund_returns\/\" \/>\n<meta property=\"og:site_name\" content=\"House of Simone\" \/>\n<meta property=\"article:modified_time\" content=\"2026-04-15T09:58:36+00:00\" \/>\n<meta name=\"twitter:card\" content=\"summary_large_image\" \/>\n<meta name=\"twitter:label1\" content=\"Arvioitu lukuaika\" \/>\n\t<meta name=\"twitter:data1\" content=\"5 minuuttia\" \/>\n<script type=\"application\/ld+json\" class=\"yoast-schema-graph\">{\"@context\":\"https:\\\/\\\/schema.org\",\"@graph\":[{\"@type\":\"WebPage\",\"@id\":\"https:\\\/\\\/houseofsimone.fi\\\/index.php\\\/refund_returns\\\/\",\"url\":\"https:\\\/\\\/houseofsimone.fi\\\/index.php\\\/refund_returns\\\/\",\"name\":\"Toimitusehdot - House of Simone\",\"isPartOf\":{\"@id\":\"https:\\\/\\\/houseofsimone.fi\\\/#website\"},\"datePublished\":\"2026-03-31T09:13:59+00:00\",\"dateModified\":\"2026-04-15T09:58:36+00:00\",\"breadcrumb\":{\"@id\":\"https:\\\/\\\/houseofsimone.fi\\\/index.php\\\/refund_returns\\\/#breadcrumb\"},\"inLanguage\":\"fi\",\"potentialAction\":[{\"@type\":\"ReadAction\",\"target\":[\"https:\\\/\\\/houseofsimone.fi\\\/index.php\\\/refund_returns\\\/\"]}]},{\"@type\":\"BreadcrumbList\",\"@id\":\"https:\\\/\\\/houseofsimone.fi\\\/index.php\\\/refund_returns\\\/#breadcrumb\",\"itemListElement\":[{\"@type\":\"ListItem\",\"position\":1,\"name\":\"Etusivu\",\"item\":\"https:\\\/\\\/houseofsimone.fi\\\/\"},{\"@type\":\"ListItem\",\"position\":2,\"name\":\"Toimitusehdot\"}]},{\"@type\":\"WebSite\",\"@id\":\"https:\\\/\\\/houseofsimone.fi\\\/#website\",\"url\":\"https:\\\/\\\/houseofsimone.fi\\\/\",\"name\":\"House of Simone\",\"description\":\"\",\"publisher\":{\"@id\":\"https:\\\/\\\/houseofsimone.fi\\\/#organization\"},\"potentialAction\":[{\"@type\":\"SearchAction\",\"target\":{\"@type\":\"EntryPoint\",\"urlTemplate\":\"https:\\\/\\\/houseofsimone.fi\\\/?s={search_term_string}\"},\"query-input\":{\"@type\":\"PropertyValueSpecification\",\"valueRequired\":true,\"valueName\":\"search_term_string\"}}],\"inLanguage\":\"fi\"},{\"@type\":\"Organization\",\"@id\":\"https:\\\/\\\/houseofsimone.fi\\\/#organization\",\"name\":\"House of Simone\",\"url\":\"https:\\\/\\\/houseofsimone.fi\\\/\",\"logo\":{\"@type\":\"ImageObject\",\"inLanguage\":\"fi\",\"@id\":\"https:\\\/\\\/houseofsimone.fi\\\/#\\\/schema\\\/logo\\\/image\\\/\",\"url\":\"https:\\\/\\\/houseofsimone.fi\\\/wp-content\\\/uploads\\\/2022\\\/11\\\/cropped-House_of_simone_paalogo_varillinen-1.png\",\"contentUrl\":\"https:\\\/\\\/houseofsimone.fi\\\/wp-content\\\/uploads\\\/2022\\\/11\\\/cropped-House_of_simone_paalogo_varillinen-1.png\",\"width\":481,\"height\":481,\"caption\":\"House of Simone\"},\"image\":{\"@id\":\"https:\\\/\\\/houseofsimone.fi\\\/#\\\/schema\\\/logo\\\/image\\\/\"},\"sameAs\":[\"https:\\\/\\\/www.instagram.com\\\/houseofsimone.fi\\\/?hl=fi\"]}]}<\/script>\n<!-- \/ Yoast SEO plugin. -->","yoast_head_json":{"title":"Toimitusehdot - House of Simone","robots":{"index":"index","follow":"follow","max-snippet":"max-snippet:-1","max-image-preview":"max-image-preview:large","max-video-preview":"max-video-preview:-1"},"canonical":"https:\/\/houseofsimone.fi\/index.php\/refund_returns\/","og_locale":"fi_FI","og_type":"article","og_title":"Toimitusehdot - House of Simone","og_description":"Tuotteet ja tuotehinnat Tuotteiden hinnat on esitetty tuote-esittelyjen yhteydess\u00e4. Tuotteisiimme sis\u00e4ltyy arvonlis\u00e4veroa. Veroerittely n\u00e4kyy ostoskorissa ja tilausvahvistuksessa. Maksupalvelutarjoaja Maksunv\u00e4lityspalvelun toteuttajana ja maksupalveluntarjoajana toimii Paytrail Oyj (2122839-7) yhteisty\u00f6ss\u00e4 suomalaisten pankkien ja luottolaitosten kanssa. Paytrail Oyj n\u00e4kyy maksun saajana tiliotteella tai korttilaskulla ja v\u00e4litt\u00e4\u00e4 maksun kauppiaalle. Paytrail Oyj:ll\u00e4 on maksulaitoksen toimilupa. Reklamaatiotapauksissa pyyd\u00e4mme ottamaan ensisijaisesti yhteytt\u00e4 tuotteen...","og_url":"https:\/\/houseofsimone.fi\/index.php\/refund_returns\/","og_site_name":"House of Simone","article_modified_time":"2026-04-15T09:58:36+00:00","twitter_card":"summary_large_image","twitter_misc":{"Arvioitu lukuaika":"5 minuuttia"},"schema":{"@context":"https:\/\/schema.org","@graph":[{"@type":"WebPage","@id":"https:\/\/houseofsimone.fi\/index.php\/refund_returns\/","url":"https:\/\/houseofsimone.fi\/index.php\/refund_returns\/","name":"Toimitusehdot - House of Simone","isPartOf":{"@id":"https:\/\/houseofsimone.fi\/#website"},"datePublished":"2026-03-31T09:13:59+00:00","dateModified":"2026-04-15T09:58:36+00:00","breadcrumb":{"@id":"https:\/\/houseofsimone.fi\/index.php\/refund_returns\/#breadcrumb"},"inLanguage":"fi","potentialAction":[{"@type":"ReadAction","target":["https:\/\/houseofsimone.fi\/index.php\/refund_returns\/"]}]},{"@type":"BreadcrumbList","@id":"https:\/\/houseofsimone.fi\/index.php\/refund_returns\/#breadcrumb","itemListElement":[{"@type":"ListItem","position":1,"name":"Etusivu","item":"https:\/\/houseofsimone.fi\/"},{"@type":"ListItem","position":2,"name":"Toimitusehdot"}]},{"@type":"WebSite","@id":"https:\/\/houseofsimone.fi\/#website","url":"https:\/\/houseofsimone.fi\/","name":"House of Simone","description":"","publisher":{"@id":"https:\/\/houseofsimone.fi\/#organization"},"potentialAction":[{"@type":"SearchAction","target":{"@type":"EntryPoint","urlTemplate":"https:\/\/houseofsimone.fi\/?s={search_term_string}"},"query-input":{"@type":"PropertyValueSpecification","valueRequired":true,"valueName":"search_term_string"}}],"inLanguage":"fi"},{"@type":"Organization","@id":"https:\/\/houseofsimone.fi\/#organization","name":"House of Simone","url":"https:\/\/houseofsimone.fi\/","logo":{"@type":"ImageObject","inLanguage":"fi","@id":"https:\/\/houseofsimone.fi\/#\/schema\/logo\/image\/","url":"https:\/\/houseofsimone.fi\/wp-content\/uploads\/2022\/11\/cropped-House_of_simone_paalogo_varillinen-1.png","contentUrl":"https:\/\/houseofsimone.fi\/wp-content\/uploads\/2022\/11\/cropped-House_of_simone_paalogo_varillinen-1.png","width":481,"height":481,"caption":"House of Simone"},"image":{"@id":"https:\/\/houseofsimone.fi\/#\/schema\/logo\/image\/"},"sameAs":["https:\/\/www.instagram.com\/houseofsimone.fi\/?hl=fi"]}]}},"_links":{"self":[{"href":"https:\/\/houseofsimone.fi\/index.php\/wp-json\/wp\/v2\/pages\/168","targetHints":{"allow":["GET"]}}],"collection":[{"href":"https:\/\/houseofsimone.fi\/index.php\/wp-json\/wp\/v2\/pages"}],"about":[{"href":"https:\/\/houseofsimone.fi\/index.php\/wp-json\/wp\/v2\/types\/page"}],"author":[{"embeddable":true,"href":"https:\/\/houseofsimone.fi\/index.php\/wp-json\/wp\/v2\/users\/1"}],"replies":[{"embeddable":true,"href":"https:\/\/houseofsimone.fi\/index.php\/wp-json\/wp\/v2\/comments?post=168"}],"version-history":[{"count":16,"href":"https:\/\/houseofsimone.fi\/index.php\/wp-json\/wp\/v2\/pages\/168\/revisions"}],"predecessor-version":[{"id":1352,"href":"https:\/\/houseofsimone.fi\/index.php\/wp-json\/wp\/v2\/pages\/168\/revisions\/1352"}],"wp:attachment":[{"href":"https:\/\/houseofsimone.fi\/index.php\/wp-json\/wp\/v2\/media?parent=168"}],"curies":[{"name":"wp","href":"https:\/\/api.w.org\/{rel}","templated":true}]}}